 a factor of 75846?
False
Does 7 divide 73?
False
Is 8 a factor of 2770?
False
Is 28906 a multiple of 213?
False
Is 15 a factor of 426?
False
Is 3572 a multiple of 2?
True
Does 63 divide 4851?
True
Is 23 a factor of 58?
False
Is 3050 a multiple of 50?
True
Is 1216 a multiple of 76?
True
Does 6 divide 184?
False
Is 70 a multiple of 70?
True
Is 27 a factor of 945?
True
Does 39 divide 8674?
False
Is 4703 a multiple of 6?
False
Is 840 a multiple of 15?
True
Does 228 divide 10032?
True
Is 37960 a multiple of 20?
True
Is 3410 a multiple of 5?
True
Does 8 divide 835?
False
Does 69 divide 1173?
True
Is 66 a factor of 2704?
False
Is 153 a factor of 16470?
False
Is 719 a multiple of 67?
False
Is 690 a multiple of 30?
True
Is 400 a multiple of 11?
False
Is 3333 a multiple of 46?
False
Is 170 a factor of 88173?
False
Does 15 divide 7185?
True
Does 16 divide 2508?
False
Does 11 divide 1727?
True
Is 17424 a multiple of 3?
True
Does 46 divide 21482?
True
Does 9 divide 25326?
True
Is 5717 a multiple of 175?
False
Is 3328 a multiple of 12?
False
Does 13 divide 855?
False
Is 4 a factor of 737?
False
Does 53 divide 22582?
False
Is 1615 a multiple of 17?
True
Is 10790 a multiple of 13?
True
Does 159 divide 12529?
False
Does 7 divide 10150?
True
Does 9 divide 49137?
False
Does 45 divide 9241?
False
Does 39 divide 1053?
True
Does 3 divide 650?
False
Is 14840 a multiple of 10?
True
Is 411 a factor of 63106?
False
Is 246 a multiple of 6?
True
Does 56 divide 19507?
False
Does 293 divide 66992?
False
Does 23 divide 21137?
True
Does 17 divide 306?
True
Does 30 divide 480?
True
Does 17 divide 18411?
True
Does 6 divide 1122?
True
Is 36 a factor of 7437?
False
Is 1044 a multiple of 12?
True
Is 5 a factor of 280?
True
Is 13 a factor of 5187?
True
Does 32 divide 960?
True
Is 11087 a multiple of 134?
False
Is 27148 a multiple of 44?
True
Does 15 divide 618?
False
Is 1428 a multiple of 17?
True
Is 1525 a multiple of 61?
True
Does 13 divide 3094?
True
Is 15 a factor of 135?
True
Does 10 divide 140?
True
Does 63 divide 882?
True
Is 17 a factor of 1377?
True
Is 5332 a multiple of 9?
False
Is 12 a factor of 3804?
True
Is 36662 a multiple of 46?
True
Is 50 a factor of 4000?
True
Is 11 a factor of 3784?
True
Is 16800 a multiple of 96?
True
Is 6204 a multiple of 44?
True
Is 2401 a multiple of 7?
True
Does 14 divide 1019?
False
Is 263 a multiple of 2?
False
Is 203 a factor of 2795?
False
Does 58 divide 5275?
False
Does 239 divide 44215?
True
Does 5 divide 730?
True
Does 18 divide 938?
False
Is 36 a factor of 1116?
True
Does 13 divide 516?
False
Is 18015 a multiple of 15?
True
Is 81 a factor of 6642?
True
Is 108901 a multiple of 35?
False
Is 3611 a multiple of 40?
False
Is 45 a factor of 1815?
False
Is 42 a factor of 21672?
True
Is 5 a factor of 920?
True
Is 19 a factor of 1787?
False
Does 80 divide 4400?
True
Is 8639 a multiple of 10?
False
Is 1539 a multiple of 27?
True
Does 2 divide 192?
True
Does 11 divide 26588?
False
Is 54 a multiple of 3?
True
Is 58 a factor of 861?
False
Is 56 a factor of 1782?
False
Is 2962 a multiple of 2?
True
Is 14 a factor of 460?
False
Does 7 divide 2646?
True
Does 13 divide 72?
False
Does 11 divide 3597?
True
Is 6 a factor of 126?
True
Is 142 a factor of 7939?
False
Is 61 a factor of 624?
False
Is 27552 a multiple of 14?
True
Does 70 divide 910?
True
Is 6 a factor of 1146?
True
Is 4092 a multiple of 22?
True
Is 7 a factor of 14?
True
Does 22 divide 308?
True
Is 266 a multiple of 14?
True
Does 11 divide 5742?
True
Does 18 divide 234?
True
Does 25 divide 1017?
False
Does 38 divide 845?
False
Is 7 a factor of 1400?
True
Is 5 a factor of 2543?
False
Does 8 divide 664?
True
Is 152 a factor of 30704?
True
Is 18 a factor of 6444?
True
Does 5 divide 1308?
False
Does 8 divide 736?
True
Is 63517 a multiple of 237?
False
Is 1219 a multiple of 62?
False
Is 12075 a multiple of 21?
True
Does 41 divide 37556?
True
Is 1579 a multiple of 62?
False
Is 34 a factor of 463?
False
Is 26 a factor of 1690?
True
Is 3232 a multiple of 19?
False
Is 103 a factor of 24513?
False
Does 59 divide 27494?
True
Is 23 a factor of 1324?
False
Does 153 divide 104499?
True
Does 93 divide 140820?
False
Is 1696 a multiple of 32?
True
Does 28 divide 9324?
True
Is 12 a factor of 27253?
False
Does 48 divide 7111?
False
Is 40 a factor of 400?
True
Is 10 a factor of 230?
True
Is 1078 a multiple of 49?
True
Is 42 a factor of 2347?
False
Is 101120 a multiple of 80?
True
Is 1369 a multiple of 30?
False
Does 25 divide 1464?
False
Is 52871 a multiple of 13?
True
Does 2 divide 550?
True
Is 807 a multiple of 9?
False
Is 15504 a multiple of 60?
False
Does 9 divide 568?
False
Does 17 divide 502?
False
Does 89 divide 89?
True
Is 4 a factor of 846?
False
Does 6 divide 7878?
True
Does 14 divide 294?
True
Is 12390 a multiple of 70?
True
Does 94 divide 8137?
False
Is 881 a multiple of 23?
False
Is 15064 a multiple of 88?
False
Is 4330 a multiple of 32?
False
Is 131 a multiple of 10?
False
Is 2 a factor of 40?
True
Is 3 a factor of 828?
True
Is 1680 a multiple of 12?
True
Does 18 divide 537?
False
Is 3 a factor of 1539?
True
Does 84 divide 12180?
True
Is 20 a factor of 3396?
False
Is 9 a factor of 143445?
False
Is 1499 a multiple of 51?
False
Does 10 divide 5324?
False
Is 110 a multiple of 10?
True
Does 35 divide 490?
True
Does 29 divide 6089?
False
Is 29 a factor of 2360?
False
Does 13 divide 507?
True
Is 25510 a multiple of 105?
False
Is 13337 a multiple of 109?
False
Is 7 a factor of 3510?
False
Does 43 divide 3997?
False
Is 468 a multiple of 13?
True
Is 112 a multiple of 16?
True
Is 28 a factor of 49658?
False
Is 3359 a multiple of 46?
False
Is 38639 a multiple of 36?
False
Is 22 a factor of 117216?
True
Is 6 a factor of 1664?
False
Is 11 a multiple of 3?
False
Is 10 a factor of 44?
False
Does 12 divide 1368?
True
Is 12 a factor of 1145?
False
Is 120 a multiple of 24?
True
Does 4 divide 5007?
False
Is 8 a factor of 20?
False
Is 236 a multiple of 4?
True
Is 35 a factor of 24833?
False
Does 36 divide 175837?
False
Does 9 divide 3250?
False
Does 42 divide 588?
True
Does 5 divide 12081?
False
Does 54 divide 4428?
True
Is 11086 even?
True
Is 965 a multiple of 7?
False
Is 12 a factor of 9192?
True
Does 25 divide 2278?
False
Is 1368 a multiple of 24?
True
Is 217 a factor of 33243?
False
Is 28 a factor of 1680?
True
Does 59 divide 8496?
True
Is 201 a factor of 66732?
True
Is 34 a factor of 4811?
False
Does 135 divide 61830?
True
Does 54 divide 295?
False
Is 206 a factor of 74981?
False
Is 21590 a multiple of 85?
True
Is 7 a factor of 1451?
False
Does 8 divide 42802?
False
Is 680 a multiple of 34?
True
Does 9 divide 15372?
True
Is 46450 a multiple of 10?
True
Is 14989 a multiple of 13?
True
Does 4 divide 102?
False
Is 96 a factor of 2304?
True
Does 11 divide 915?
False
Is 352 a multiple of 44?
True
Is 10280 a multiple of 3?
False
Is 13365 a multiple of 28?
False
Is 72 a factor of 8496?
True
Is 1411 a multiple of 10?
False
Does 38 divide 418?
True
Is 10 a factor of 1580?
True
Is 246 a multiple of 24?
False
Does 2 divide 4?
True
Is 21 a factor of 824?
False
Is 18 a factor of 42048?
True
Is 417 a multiple of 2?
False
Is 78 a factor of 31980?
True
Is 23 a factor of 299?
True
Does 8 divide 6573?
False
Does 25 divide 275?
True
Is 37 a factor of 1850?
True
Is 1721 a multiple of 48?
False
Is 1338 even?
True
Does 3 divide 501?
True
Is 276 a multiple of 138?
True
Does 127 divide 23368?
True
Is 6 a factor of 16434?
True
Is 7642 a multiple of 33?
False
Is 1826 a multiple of 83?
True
Is 89 a factor of 2403?
True
Is 81 a factor of 324?
True
Does 40 divide 415?
False
Does 46 divide 38293?
False
Is 11908 a multiple of 52?
True
Is 191996 a multiple of 13?
False
Does 58 divide 638?
True
Is 3051 a multiple of 10?
False
Does 15 divide 29011?
False
Is 964 a multiple of 8?
False
Is 21 a factor of 15302?
False
Does 6 divide 8897?
False
Is 4788 a multiple of 171?
True
Does 67 divide 1473?
False
Does 8 divide 392?
True
Is 272 a multiple of 17?
True
Is 5 a factor of 310?
True
Is 1400 even?
True
Is 18 a factor of 1584?
True
Is 17549 a multiple of 22?
False
Is 19 a factor of 40867?
False
Does 7 divide 102?
False
Is 1629 a multiple of 9?
True
Does 21 divide 1281?
True
Does 25 divide 1100?
True
Is 122 a factor of 31473?
False
Is 7 a factor of 